 51. Let u be ((-12)/(-5))/(8/o). Calculate the highest common factor of g and u.
9
Let w be -78 + -2*(-3)/2. Let j be 2/(-8) + w/(-12). What is the highest common factor of 3 and j?
3
Suppose 0*v - 2*v + 26 = 0. Let g = 11 - 7. Suppose -g*m - m = -65. What is the greatest common divisor of m and v?
13
Let q = 5 + -8. Suppose -2*y - 6 = -0*y. Let c be (2 - -1)/y*q. Calculate the greatest common divisor of 33 and c.
3
Suppose n = 15 + 66. What is the highest common factor of n and 9?
9
Suppose 0*c - 3*j = -c + 21, 4*c = -j + 149. Let x = 6 + c. Suppose -3*i + 12 + x = 0. What is the greatest common divisor of 72 and i?
18
Suppose 3*w - 5*c = 57, 5*w + 5*c = 2*w + 87. Calculate the greatest common factor of w and 60.
12
Let i(s) = -s**2 - 9*s + 2. Let u be i(-9). Suppose -a + 108 = -4*f, u*f = 5*f + 15. Calculate the highest common factor of 11 and a.
11
Suppose 0 = -4*v + 147 + 269. What is the highest common divisor of v and 26?
26
Let t = -13 + 64. What is the highest common factor of 17 and t?
17
Let q be 4*1 - (1 + 1). Suppose 0 = 2*g + g + q*v - 37, 4*v - 44 = -4*g. Suppose 3*b - 32 = -2. Calculate the greatest common factor of b and g.
5
Suppose -4*z + 2*z + 544 = 0. Let h = z + -181. What is the highest common divisor of h and 13?
13
Let y(d) = 2*d + 8. Let a be y(16). Calculate the highest common factor of a and 8.
8
Let q = -29 - -52. Suppose -2*g + 8 = -0*g. Suppose g*c + 32 = h, 2*c - q - 3 = -3*h. Calculate the greatest common factor of 108 and h.
12
Suppose -5*w - 18 + 58 = 0. Let z = w - -3. What is the greatest common factor of z and 121?
11
Let g = 41 - 107. Let y = 94 + g. Calculate the greatest common factor of y and 7.
7
Let p be ((-2)/(-4) - 0)*(-1248)/(-24). Calculate the greatest common factor of 104 and p.
26
Let k = 42 + -41. Calculate the highest common factor of k and 1.
1
Let v = -19 + 100. Calculate the greatest common divisor of v and 9.
9
Suppose -h + 16 - 12 = 0. Let u = -30 - -74. What is the highest common divisor of u and h?
4
Suppose 5*c = -b + 437, 0 = -5*c + b + b + 446. Suppose 0 = o + o - c. Calculate the highest common divisor of 11 and o.
11
Let k = -16 + 29. Let t(h) = h**3 - 7*h**2 + 9*h + 5. Let r be t(7). Suppose -z + r = -23. Calculate the greatest common factor of k and z.
13
Let f be -1 - ((-1860)/42 - 4/(-14)). What is the greatest common factor of f and 473?
43
Suppose -2*h - 3*o + 18 = 0, -o - 2*o = 0. Let w be ((-1)/(-3))/(3/h). Let r = w - -3. What is the highest common factor of 16 and r?
4
Let r(w) = 3*w - 1. Let j be r(1). What is the highest common divisor of j and 2?
2
Let t be (-2 - 2)*(-2)/2. Suppose -34 - 438 = -4*c - t*o, 115 = c + 2*o. Calculate the greatest common factor of 11 and c.
11
Let t(z) = z - 4. Let q be t(3). Let v = q + 10. What is the highest common divisor of 36 and v?
9
Let t(z) = z + 5. Suppose -15 = w - 4*w. Let s be t(w). Suppose 0 = 3*v + 4*x - 50 - s, -2*v + 40 = x. What is the highest common divisor of 4 and v?
4
Let g = -30 + 63. Calculate the greatest common factor of 3 and g.
3
Let n be 7/(2 + -5 + 4). What is the greatest common divisor of n and 14?
7
Suppose -4*o + 82 = 2*v, 0 = -v - 0*o + 3*o + 51. What is the greatest common factor of 30 and v?
15
Let r(m) = m + 4. Let a be r(0). Suppose n - f - 20 = f, 5*n + a*f - 156 = 0. Calculate the greatest common factor of n and 70.
14
Let g(v) = v**3 + 4*v**2 - 8*v - 4. Suppose 3*h = -10 - 5. Let i be g(h). Let o = -30 + 107. Calculate the highest common factor of o and i.
11
Let f = 34 + -6. Let g be 63/14 + 3/(-2). Suppose -5*p = 3*j - g*p - 19, -4*j + 2*p = -30. Calculate the highest common divisor of j and f.
7
Suppose -90 = -4*o + 2*h, -7 = o - 2*h - 37. Let g be 4 + (-12)/(-5 + 2). Calculate the greatest common divisor of g and o.
4
Let k(j) = j**2 - 8*j + 2. Let g be k(-7). Suppose g - 17 = 5*y. What is the highest common factor of y and 45?
9
Let h be 30*(28/5 + 1). Let m be (-24)/(-30)*5/1. Suppose -j = m*j - 90. Calculate the greatest common factor of j and h.
18
Suppose 4*r + 19 = -5*i + 4*i, -4*r = -3*i + 7. Let g be i*(0 - (-112)/(-6)). Let m be (9/15 + 1)*5. What is the greatest common divisor of m and g?
8
Let x be 51/12 - (-6)/8. Calculate the greatest common factor of x and 55.
5
Let i(a) be the third derivative of 13*a**4/24 - a**3/6 + 3*a**2. Let f be i(5). Calculate the highest common factor of 8 and f.
8
Suppose -3*v = -2*z + 2*v + 25, -19 = -5*z - 2*v. Suppose 2*g - 9 = z*g. Let n be 6 + g/6*-2. Calculate the highest common factor of n and 21.
7
Let z be (10/25)/(-1) + 84/10. Calculate the greatest common factor of 96 and z.
8
Let z = 14 - 12. What is the highest common factor of z and 22?
2
Let w be (3/(-5))/((-6)/30). Suppose -l - w*l + 60 = 0. What is the highest common divisor of 105 and l?
15
Suppose 0*p = -4*p + 680. Let s be (-5)/10 + p/4. Suppose s = -3*f + w + 538, -4*w = 4. What is the highest common factor of f and 15?
15
Suppose 2*o - 4*o = -16. Calculate the highest common divisor of o and 48.
8
Let n(k) be the second derivative of 5*k**3/6 - k. Let w be n(7). Let c = 18 + -4. What is the greatest common divisor of w and c?
7
Suppose -3*h - 11 = g - 151, 252 = 5*h - 3*g. What is the greatest common factor of h and 6?
6
Let r = -18 + 30. Calculate the greatest common factor of 18 and r.
6
Let b(a) = 3*a**2 - a + 6. Suppose -3*c = 5*g - 15, 5*c = -4*g + c + 4. Let w be b(g). Calculate the highest common divisor of w and 12.
12
Let m = 24 + -12. What is the highest common factor of 18 and m?
6
Let u be ((-126)/4)/(18/(-36)). What is the greatest common factor of u and 7?
7
Let z(d) = d**3 - 6*d**2 + 4*d + 5. Let u be z(6). What is the highest common divisor of 87 and u?
29
Suppose 2*v = 5*v - 24. Let i(u) = u**2 - 7*u - 6. Let h be i(-6). Calculate the highest common divisor of h and v.
8
Suppose 0 = -s - 29 + 129. Let x be 2/(-11) - (-666)/33. Calculate the highest common factor of s and x.
20
Let x(i) = i**3 + 4*i**2 + 2*i + 2. Let h be 4*3*2/(-8). Let n be x(h). Suppose 0 = -2*j + 4*j - 30. What is the greatest common divisor of n and j?
5
Let y = 45 + -32. What is the greatest common divisor of 39 and y?
13
Let f be 7/21 - (-34)/6. Let v(n) = 8*n - 6. Let j be v(6). What is the highest common factor of j and f?
6
Let a = -7 + 25. Calculate the greatest common factor of 90 and a.
18
Let x be 8*(-1 - -2)*3. Suppose -5*c + 5 = 5*i, -3*c + 2*c + 4*i = 14. Let z be 74/9 - c/(-9). What is the highest common factor of z and x?
8
Let a = -12 + 20. Calculate the highest common factor of 40 and a.
8
Let x(v) = -4*v - 14. Let z be x(-8). What is the highest common factor of z and 180?
18
Suppose 3*b = -2*d + 38, -d + 4 = -2*b - 1. Calculate the highest common divisor of 143 and d.
13
Suppose 3*t - 23 = -5*c, -2*t - c + 24 = -2*c. What is the highest common divisor of t and 11?
11
Let s be (2/6)/(2/18). Suppose 3*o + 2*a - 4*a + 16 = 0, 31 = -3*o + 5*a. Let y be 12*(-4 - -2)/o. Calculate the greatest common divisor of y and s.
3
Let p(g) = 5*g + 10. Let l be p(14). Calculate the greatest common factor of l and 10.
10
Suppose -4*g - 3*z = -g - 90, -3*g - z + 90 = 0. Let r(h) = -h + 10. Let x be r(5). Calculate the highest common divisor of g and x.
5
Let c = 38 + -16. Calculate the greatest common divisor of 44 and c.
22
Let r = -51 - -74. Let f = -13 + r. Suppose 4*s = 3*s + 90. Calculate the greatest common factor of f and s.
10
Let z = -10 + 6. Let p be (2/z)/(7/(-182)). Suppose 4*l + l = 65. Calculate the greatest common factor of l and p.
13
Suppose -11 = -4*f + 5. Let g be (-5 - 1)*(-2)/f. Calculate the greatest common divisor of g and 9.
3
Suppose 27 = y + 8*y. Suppose 75 = 6*z - z. Calculate the greatest common divisor of y and z.
3
Suppose 3*h - y = 32, -3*y = -3*h - 0*h + 36. Calculate the greatest common divisor of 70 and h.
10
Let i(h) = -17*h - 25. Let u be i(-2). Calculate the highest common divisor of 54 and u.
9
Let t be (((-48)/(-20))/4)/((-5)/(-150)). Let c be -1 + 30 - (3 + -1). What is the greatest common divisor of c and t?
9
Let p be (3 + 1 + -2)*-1. Let k(d) = -d**3 - d. Let i be k(p). Let m(s) = 2*s. Let r be m(2). What is the greatest common divisor of r and i?
2
Let x = -105 + 130. Calculate the greatest common factor of 30 and x.
5
Suppose 3*g - 21 = -9. Suppo